)*(-1760)/132?
0
Let m(l) = -7*l. Let q be m(-1). Let v = 9 - q. Suppose 0 - 16 = -v*n. What is the units digit of n?
8
Let l be 2/3 + 98/6. Suppose l = -5*f + 2, -66 = -3*v - 3*f. What is the units digit of 5/v + (-98)/(-10)?
0
Let l(k) = -2*k**3 - 22*k**2 - 14*k. What is the tens digit of l(-14)?
7
Let n(f) = 12*f**2 + 3*f + 9. Let m = 6 - 0. Let i(w) = -23*w**2 - 6*w - 19. Let x(l) = m*i(l) + 13*n(l). What is the units digit of x(-2)?
9
Let b = -26 - -1007. What is the units digit of b?
1
Suppose 3*v + 3*c - 2001 = 0, 5*v - 2351 = -2*c + 972. What is the units digit of v?
3
Let c(u) = -496*u**2 + 2*u. Let y be c(-2). What is the tens digit of y/(-77) - (-4)/22?
2
Suppose 0*s - f + 7 = -2*s, 5*f - 14 = 3*s. Let m(d) = -12*d - 5. Let v be m(s). Let u = -18 + v. What is the tens digit of u?
1
Let u = -162 - -717. What is the hundreds digit of u?
5
What is the thousands digit of 1674 - (-10 - -15 - (2 - 3))?
1
Let u(x) be the second derivative of 0 + 1/3*x**3 + 7/6*x**4 - 3*x + 1/2*x**2. What is the tens digit of u(-1)?
1
What is the units digit of 113152/92 - (-4)/46?
0
Let x = -111 + 111. Let b = 7 + -4. Let k = b + x. What is the units digit of k?
3
Suppose 3*o - 130 = 4*m - 15, 86 = -3*m + 2*o. What is the units digit of (-244)/m + 12/42?
9
Suppose 1750 = 9*i - 4*i. What is the tens digit of i?
5
Suppose -5*n = -11*n + 336. Suppose -3*y + n = 4*y. What is the units digit of y?
8
Let y(b) = -58*b - 200. What is the hundreds digit of y(-11)?
4
Suppose -12*c + 15*c = 6. Suppose 2*t = -3*a - 2*t - 14, 4*a + c*t + 12 = 0. What is the units digit of -24*a/(-16)*-6?
8
Let b(z) = -19*z - 23. What is the units digit of b(-9)?
8
Suppose 4*p - 12 - 152 = 0. Suppose 5*x - 15 = 0, -4*n + 3*x + 2 + p = 0. Suppose j - 3 = 2*j - 3*q, j - n = -q. What is the units digit of j?
9
Let g(q) = 37*q + 2662. What is the tens digit of g(0)?
6
Let v(i) = 2*i**3 + 35*i**2 + 15*i - 30. Let d be v(-17). Suppose -j + 3*x + 197 = 0, -2*j + d*x + x = -390. What is the tens digit of j?
8
Let v be (-2)/7 + (-190)/70. Let h = v + 5. Suppose 15 = h*o - 15. What is the units digit of o?
5
Let r(v) = 2*v**3 + 6*v**2 - 11*v - 6. Let c be r(-5). What is the tens digit of c/85 + -2*223/(-10)?
4
Let x be (6/(-9))/(4/(-18)). Suppose -w = -x*w + 4, -2*g + w + 4 = 0. What is the units digit of 34 - (-1 + g/(-3))?
6
What is the units digit of -9 + 16 - 180/(-2)?
7
What is the units digit of -6 - 111*(3270/9)/(-10)?
7
Let l(a) be the third derivative of 2*a**2 + 0*a + 0*a**3 + 2/15*a**5 + 0 + 1/12*a**4. What is the tens digit of l(1)?
1
Suppose 18*k = 16*k + 20. Let w = 105 + k. What is the units digit of w?
5
Let w = 36 + -34. Suppose 0 = w*z - 5*y - 30, -4*z - 5*y = -3*y - 36. What is the tens digit of z?
1
Suppose -3*u = -2*r + 188 + 26, -5*r + 5*u = -540. What is the tens digit of r?
1
Suppose 0 = -4*w + 2*g + 124, -14 = -3*w + 4*g + 84. Let n = 87 - w. What is the tens digit of n?
5
Let k = 1226 - -343. What is the thousands digit of k?
1
Suppose -h + 5 = 0, 5*g - 3*h - 2*h = -30. Let t(l) be the second derivative of -27*l**5/20 + l**4/12 + l**3/3 + l**2/2 + 47*l. What is the tens digit of t(g)?
2
Let m = 906 - -26. What is the hundreds digit of m?
9
Suppose 3*o = -16 + 280. Let d = o + -39. What is the units digit of d?
9
Suppose 1216 = 32*j - 24*j. Let n = j - 73. What is the units digit of n?
9
Let b(m) = -147*m - 11. What is the tens digit of b(-3)?
3
Let g(i) = i**2 - 2*i + 3. Let w be g(3). Suppose 0 = z - w*z + 315. What is the tens digit of z?
6
Let g(p) = -54 + 9*p + 88 - p**2 - 49. Let n be g(7). What is the tens digit of (n - 0)*(-45)/3?
1
Suppose 41*g = 37*g - 4*p + 836, -4*g + 4*p = -844. What is the tens digit of g?
1
Suppose 8*b = 28*b - 7280. What is the hundreds digit of b?
3
Let h(y) = y**2 - y - 48. What is the tens digit of h(-13)?
3
Let b = 12 + -10. Suppose -64 = -2*m - 0*v - b*v, 0 = -2*m + v + 64. What is the units digit of m?
2
Let l(u) = -u**3 - u**2. Let v(p) = -4*p**3 - 12*p**2 - 4*p + 10. Let z(s) = 3*l(s) - v(s). What is the units digit of z(-8)?
2
Let y(s) be the second derivative of -2*s**3 - s**2 + 2*s. Let v be y(-2). Let c = 36 - v. What is the tens digit of c?
1
What is the tens digit of 2/11 + (-78648)/(-132)?
9
Let c(d) = d**3 + 11*d**2 + 17*d - 9. Let h be c(-9). Let o(k) = -k + 33. What is the tens digit of o(h)?
3
Suppose 5*d = 5, 2 = 2*q + 2*d - 4. Suppose 0 = 2*m + 2*w - w - 5, m - q*w = 10. What is the tens digit of 140/6 - m/12?
2
Let i be 3/2 + 6/(-4). Suppose -2*t + 3*t - 9 = i. What is the units digit of (-4 - -7)/(t/21)?
7
Suppose -z - 12 = -5*z. Suppose w - z*u + 34 = -3*w, u = -3*w - 19. Let i = 22 + w. What is the tens digit of i?
1
Suppose 729 = 6*k - 3321. What is the tens digit of k?
7
Suppose 6*x - 2*x = -c + 366, 5*c + x - 1887 = 0. What is the hundreds digit of c?
3
What is the tens digit of -1 + 1003 + (-21)/(0 - -3)?
9
Let g(j) = -j**3 + 18*j**2 + 22*j - 35. What is the hundreds digit of g(17)?
6
Let a(k) = -2*k - 9 - 7 + 10*k**2 - 2*k**2 + 4 + k**3. Let s be a(-8). Suppose -4*z + s = -24. What is the units digit of z?
7
Suppose d + 2*l = 2, 3*l + 2*l = 0. Suppose -d*x = -5 - 7. Suppose -3*v + 16 = 2*m, 4*v - 3*m - x - 4 = 0. What is the units digit of v?
4
Let s be (-3)/12 - 50/(-8). Let n be 3/6*4 + -1. What is the tens digit of n + 78/(s/3)?
4
Let d = -787 + 1810. What is the tens digit of d?
2
Let p(s) = -56*s + 60. What is the tens digit of p(-11)?
7
What is the units digit of (-6)/10*230/(-414)*6213?
1
Let m = -12 + 16. Suppose -54 = 2*w + 4*o, -163 = m*w - 6*o + 3*o. What is the units digit of (-1 + 0)/1*w?
7
Let x be ((9060/8)/(-5))/((-2)/4). Suppose -4*z + x = -z. What is the units digit of z?
1
Let w = -275 + 342. What is the units digit of w?
7
Suppose 3*i = -5*x + 5849, -x - 3*i - 580 + 1745 = 0. What is the tens digit of x?
7
Let s(g) = -5*g + 2. Let l be s(-2). Suppose 0 = -3*w + l*w - 396. What is the units digit of w?
4
Let d(u) = -101*u**3 + 3*u**2 + 3*u + 1. Let h be d(-1). Let o = h - -50. What is the units digit of o?
2
Let c be (-68)/(-10) - 7/(-35). Let j be (4/(-6))/(c/(-273)). Let a = 46 - j. What is the units digit of a?
0
Let l(x) = -1275*x + 27. What is the units digit of l(-1)?
2
Suppose -2*b - 16 = -0*b + 5*t, 3*t + 12 = 0. What is the tens digit of b + 211 - 2 - -3?
1
Let y = 6 - 6. Suppose y = 3*j - w - 31, -3*j + 19 = -w + 3*w. What is the tens digit of ((-6)/(-4))/(j/60)?
1
Suppose 7 - 12 = -u. Suppose 0 = u*q, 0*q + 5*q = -5*s + 485. What is the tens digit of s?
9
Let o be (-4 - -14)/2 + -3. Suppose o*t - 463 = -5*g, -3*t - 2*g + 672 = g. Suppose -45 - 92 = -3*a - j, -5*a + 3*j + t = 0. What is the units digit of a?
5
Suppose 2*i - 5*i = -42. What is the units digit of (13 - -13)/(-2*(-2)/i)?
1
Let c = -29 + 51. Let x be (-326)/c - 14/77. What is the units digit of (132/15)/((-3)/x)?
4
Let g = 329 + -63. What is the tens digit of g?
6
Let t(k) = 2 - 11*k + 1 - 8. Let o be t(-9). Suppose y = -y + o. What is the tens digit of y?
4
Suppose 20*u - 21571 = 18209. What is the units digit of u?
9
Let s = 55 + 2. Suppose -q - q = -6, 4*q - s = -3*x. Suppose z = -0*z + x. What is the tens digit of z?
1
Let k be -4*(-2 + 0 + 1). Suppose i + 10 = -k*w + 5*w, 3*i + 12 = 0. Let f(l) = -l**3 + 8*l**2 - 4*l - 13. What is the units digit of f(w)?
5
Suppose -75*n + 30550 = -62*n. What is the tens digit of n?
5
Let g be (-3)/(63/(-2779))*(2 - -1). Let i = 696 - g. What is the units digit of i?
9
Let n = 11 - 20. Let z be (30/n)/(2/(-18)). What is the units digit of (1 + 11)*20/z?
8
Let k = 1 + 6. What is the units digit of k?
7
Let x be 18/(-5)*(-20)/(-3). Let r = 7 + 36. Let d = x + r. What is the tens digit of d?
1
Let f be 90/126*1*7. Suppose f*t - 3*b - 1044 = 0, 7*t = 10*t + 3*b - 612. What is the tens digit of t?
0
Let s(i) = 6*i**3 + 2*i**2 - 4*i - 6. Let z be s(3). What is the tens digit of 9/18 - (z/(-4) - -1)?
4
What is the units digit of (-12414)/(-45) - (352/60 + -6)?
6
Suppose -5*p = -72 - 53. Let w = p + -43. What is the tens digit of (21/(-1))/(6/w)?
6
Suppose 2*v = 5*z - 1224, z - 3*v = -4*v + 242. What is the units digit of z?
4
Suppose 3*z + 10 = -2*z, -4*j + 2*z = 40. Let h = 24 - j. What is the tens digit of h?
3
What is the tens digit of (-15)/(-6) + (-12 - 5956/(-8))?
3
Let z = 76